
-a1582
In base 11, what is 13 + 4969256?
4969269
In base 12, what is 276b8 + 52?
2774a
In base 5, what is -11042112 - -2221?
-11034341
In base 5, what is -31034413 + 144?
-31034214
In base 13, what is 18 + -20ac14?
-20abc9
In base 13, what is -190 - -8957a?
893ba
In base 6, what is 0 + 11001321152?
11001321152
In base 14, what is -1 + 813002?
813001
In base 8, what is -153070 + 12574?
-140274
In base 16, what is -16c797 + -8b?
-16c822
In base 9, what is -2585155 + -17?
-2585173
In base 11, what is -1090 - -2541?
1461
In base 13, what is -33a + 32b48?
3280b
In base 16, what is -a353 + 87?
-a2cc
In base 11, what is 799 - 65a8?
-590a
In base 16, what is -6dc9 - -485?
-6944
In base 8, what is 1 + 765452275?
765452276
In base 7, what is -5 + -140656041?
-140656046
In base 12, what is -214a + -52b56?
-550a4
In base 12, what is 3 - -5559597?
555959a
In base 10, what is 1016972 - 300?
1016672
In base 9, what is -2260328208 + -2?
-2260328211
In base 9, what is -6733820 + 1?
-6733818
In base 12, what is 209 + 11095?
112a2
In base 12, what is -4b05271 - -1?
-4b05270
In base 15, what is 3 + 40a9c59?
40a9c5c
In base 6, what is -424 + 1222514?
1222050
In base 12, what is 4930871 - -4?
4930875
In base 14, what is 7 - 14b206?
-14b1dd
In base 14, what is 944716c - -6?
9447174
In base 14, what is 27b + -5998?
-571b
In base 8, what is -223136160 - -4?
-223136154
In base 3, what is 1021022 + 121202121011?
121210212110
In base 14, what is -1da4 - 23a?
-2200
In base 7, what is -15521103 - -46?
-15521024
In base 4, what is -1220 + -2123211321?
-2123213201
In base 7, what is 163412250 + 4?
163412254
In base 7, what is 364 - -35062466?
35063163
In base 2, what is -1 - 10111100100100101001011010?
-10111100100100101001011011
In base 13, what is 36 - -10a496?
10a4cc
In base 16, what is -28819569 + -5?
-2881956e
In base 3, what is -12 - -2011101220211?
2011101220122
In base 12, what is -831b42 - a7?
-832029
In base 6, what is -245 - 155455?
-200144
In base 7, what is 126 - -405566?
406025
In base 8, what is 163753177 - -4?
163753203
In base 4, what is 112 + -3331212032?
-3331211320
In base 6, what is -34032452 - -1?
-34032451
In base 16, what is -151cf6 + -c?
-151d02
In base 16, what is 4fe + -c2?
43c
In base 11, what is 6a443183 + 1?
6a443184
In base 16, what is -5 - 37f45f?
-37f464
In base 2, what is -1110001101100111111011100 - -1000?
-1110001101100111111010100
In base 7, what is 25 + 16600261?
16600316
In base 8, what is -5043 - 1306?
-6351
In base 9, what is -78537 - 1032?
-80570
In base 8, what is 46 + 40361?
40427
In base 2, what is -100000001111001111 + -10111000011?
-100000100110010010
In base 5, what is -21114002 + 3420?
-21110032
In base 15, what is 5 - -8ae66?
8ae6b
In base 10, what is 14314375 - 21?
14314354
In base 14, what is 2b4b6811 - 5?
2b4b680a
In base 2, what is -1001001010101 + -1110010100001?
-10111011110110
In base 9, what is 170621773 - -3?
170621776
In base 2, what is 1110100001111110 + -10000001110100?
1100100000001010
In base 8, what is -123 - -12166005?
12165662
In base 8, what is -2462324047 - 2?
-2462324051
In base 14, what is -6725 + -2a4?
-69c9
In base 10, what is -2 - -5349588?
5349586
In base 5, what is 201130 - -2421311?
3122441
In base 4, what is -2203102 - -20010?
-2123032
In base 14, what is 193a1 + -1455?
17d4a
In base 10, what is -4384 - -20?
-4364
In base 14, what is 1 + 27d187?
27d188
In base 14, what is cd03797 + 1?
cd03798
In base 15, what is 4b59d5 + 0?
4b59d5
In base 2, what is 11101110110111011 - 10111?
11101110110100100
In base 16, what is a16 - -71b35?
7254b
In base 10, what is -46891 + 440?
-46451
In base 11, what is -4 + -2174668?
-2174671
In base 2, what is -1011001001101010011010011010 + -11?
-1011001001101010011010011101
In base 3, what is 0 + 112022021201111?
112022021201111
In base 8, what is 215166700 + -1?
215166677
In base 10, what is 1 + -1010453?
-1010452
In base 6, what is 12445504431 + 1?
12445504432
In base 3, what is -21011 - 20210200001211?
-20210200022222
In base 11, what is 7a13457 + 25?
7a13481
In base 4, what is 200130 + 3312?
210102
In base 15, what is 3b1 - b15c?
-ac9b
In base 12, what is -10aa9 + 23685?
12798
In base 2, what is 101 + 10011011111010110010000?
10011011111010110010101
In base 6, what is -3200542351 + -2?
-3200542353
In base 12, what is -1a + 9121153?
9121135
In base 11, what is 39 - -106823?
106861
In base 13, what is -4 - 18049780?
-18049784
In base 8, what is -16223101 + 1?
-16223100
In base 12, what is -20627 - -469?
-2017a
In base 13, what is -46 + 2053314?
205329b
In base 14, what is 18a7 + 17861?
19328
In base 7, what is 0 - 5111322?
-5111322
In base 16, what is -5 - -140283?
14027e
In base 2, what is -10 - 10000000011000001101?
-10000000011000001111
In base 13, what is 1b395 - b9?
1b2a9
In base 8, what is -12 - -20323417?
20323405
In base 2, what is -1 - 100100011101111110?
-100100011101111111
In base 9, what is 1 + -4357100?
-4357088
In base 10, what is 0 - 441367850?
-441367850
In base 8, what is -66 - 2270067?
-2270155
In base 13, what is 9c1 + 1151ca?
115bbb
In base 7, what is -56 + -1166333?
-1166422
In base 11, what is 11a0 + -1a0921?
-19a731
In base 10, what is -675722 - -480?
-675242
In base 9, what is -107 - 630048?
-630156
In base 9, what is -617844 - -5?
-617838
In base 13, what is -811 - 1c73c?
-20250
In base 3, what is 202 - -200122202001?
200122202210
In base 9, what is 1015 + 20641?
21656
In base 7, what is -15333 - -14321?
-1012
In base 10, what is 84806 + 6693?
91499
In base 16, what is 4608 + 4a0?
4aa8
In base 16, what is 5b4 + 109c2?
10f76
In base 9, what is -377 + 1171068?
1170581
In base 13, what is -2c + -19a68?
-19a97
In base 4, what is -323220001300 - 2?
-323220001302
In base 9, what is 31 + -261462?
-261431
In base 7, what is -6312211 + -2441?
-6314652
In base 16, what is -7c11 + 25c?
-79b5
In base 3, what is 22211 + 10022202001?
10100001212
In base 10, what is 20010279 + -19?
20010260
In base 10, what is 2 + -24590?
-24588
In base 3, what is 102001 + -10112100001111?
-10112022122110
In base 9, what is 64148 + 1130?
65278
In base 2, what is 100 + -10000100000011100011111?
-10000100000011100011011
In base 10, what is 433185 - 1865?
431320
In base 8, what is -10 + 2637235?
2637225
In base 6, what is -44 + -521344052?
-521344140
In base 3, what is 112121100101002121 - 2?
112121100101002112
In base 8, what is 71646 - 12206?
57440
In base 3, what is 1002201022 + 2011?
1002210110
In base 8, what is 76003 - -5121?
103124
In base 6, what is 41112010 + 52?
41112102
In base 14, what is -5146dc - -3?
-5146d9
In base 7, what is 4410201066 + 3?
4410201102
In base 9, what is 18174 - 7420?
10654
In base 5, what is -4244 - -20122422?
20113123
In base 2, what is 1111001100111011101001 + 101?
1111001100111011101110
In base 9, what is -13 + 5657838?
5657825
In base 7, what is -1466 + 1264552?
1263053
In base 5, what is 131142123 + 42?
131142220
In base 5, what is 2030040024330 - 1?
2030040024324
In base 5, what is 1030123223 + -12?
1030123211
In base 6, what is 53304 - -504304?
1002012
In base 9, what is 45668 + 3363?
50142
In base 5, what is -22323143413 + 10?
-22323143403
In base 7, what is 112244 + 302145?
414422
In base 9, what is 0 - 11408848?
-11408848
In base 6, what is 200425 - -3102?
203531
In base 4, what is 1201000100301 + 1?
1201000100302
In base 5, what is -123010322 - -242?
-123010030
In base 13, what is -541b5 - 9?
-541c1
In base 13, what is 1b57810 + 8?
1b57818
In base 9, what is -2378646 + -6?
-2378653
In base 2, what is -111101011000011111001011 + 100?
-111101011000011111000111
In base 5, what is -421321 - -42310?
-324011
In base 9, what is -115372 - 12?
-115384
In base 5, what is 4031413 + -11023?
4020340
In base 11, what is 2 - 941226a?
-9412268
In base 12, what is -7 - -159b89?
159b82
In base 2, what is -110110001110000100 + -1010?
-110110001110001110
In base 15, what is a5408 + -9e1?
a4917
In base 9, what is 44722 + -3770?
40842
In base 13, what is 5a6 + -194?
412
In base 4, what is -1332320321 - -32?
-1332320223
In base 7, what is -22252 - 105615?
-131200
In base 12, what is 4 + -214a811?
-214a809
In base 7, what is 511 + -105234?
-104423
In base 9, what is 8672 + 35447?
45230
In base 8, what is -151510 + 1361?
-150127
In base 6, what is -214302